{"id":818,"date":"2016-09-15T08:40:03","date_gmt":"2016-09-15T06:40:03","guid":{"rendered":"https:\/\/raratheme.com\/preview\/numinous\/?page_id=14"},"modified":"2021-12-04T15:29:52","modified_gmt":"2021-12-04T14:29:52","slug":"home","status":"publish","type":"page","link":"https:\/\/candola.establiment.fr\/","title":{"rendered":"Adissiatz !"},"content":{"rendered":"\n<p class=\"has-text-align-left\"><em>La benvenguda<\/em> sur le site de l\u2019\u00e9cole Calandreta Cand\u00f2la, \u00e9cole associative situ\u00e9e dans le centre historique de Montpellier !<\/p>\n\n\n\n<p class=\"has-text-align-left\">Anim\u00e9e par&nbsp;<strong>le d\u00e9sir de transmettre et de d\u00e9velopper la langue et la culture occitane<\/strong>, la Calandreta Cand\u00f2la pratique la p\u00e9dagogie par immersion conduisant l\u2019enfant \u00e0 un bilinguisme ma\u00eetris\u00e9. Elle est aussi une \u00e9cole associative dont les parents sont les v\u00e9ritables acteurs. Ses programmes, son contenu p\u00e9dagogique et son \u00e9quipe enseignante sont sous contrat d\u2019association sign\u00e9 avec l\u2019Education Nationale. La p\u00e9dagogie Calandreta que l\u2019\u00e9tablissement pratique est issue en particulier de la&nbsp;<strong>p\u00e9dagogie institutionnelle&nbsp;et&nbsp;des m\u00e9thodes de C\u00e9lestin Freinet,&nbsp;<\/strong>afin d\u2019accompagner l\u2019\u00e9l\u00e8ve vers l\u2019autonomie et lui&nbsp;<strong>donner le go\u00fbt d\u2019apprendre.&nbsp;<\/strong>Il s\u2019attache \u00e9galement \u00e0 donner sa place \u00e0 l\u2019enfant acteur dans son milieu scolaire comme un citoyen dans la soci\u00e9t\u00e9.<\/p>\n\n\n\n<div class=\"wp-block-group has-text-align-justify\"><div class=\"wp-block-group__inner-container is-layout-flow wp-block-group-is-layout-flow\">\n<p class=\"has-text-align-left\">Ce site vous permet d\u2019obtenir quelques pistes de r\u00e9ponses aux questions que vous vous posez sur l\u2019enseignement en Calandreta avant d\u2019inscrire votre enfant. Nous esp\u00e9rons ainsi vous donner l\u2019envie de nous rejoindre pour participer \u00e0 cette grande id\u00e9e qu\u2019est la diversit\u00e9 et transmettre \u00e0 vos enfants cette grande culture&nbsp;!&nbsp;<em>Bona visita&nbsp;!<\/em><\/p>\n\n\n\n<p class=\"has-text-align-left\"><em>La benvenguda sus lo site de l\u2019esc\u00f2la Calandreta Cand\u00f2la, esc\u00f2la associativa situida dins lo centre istoric de Montpelhi\u00e8r.<\/em><\/p>\n<\/div><\/div>\n\n\n\n<p class=\"has-text-align-left\"><em>Portada&nbsp;per l\u2019enveja de transmetre e desvelopar la lenga e la cultura occitana, La calandreta Cand\u00f2la installa una pedagogia per imersion per menar l\u2019enfant cap a un bilingu\u00efsme mestrejat. Es tanben una esc\u00f2la associativa, que los parents ne son un actor vertadi\u00e8r. Los programas, lo contengut pedagogic&nbsp;e la c\u00f2la ensenhaira son&nbsp;jos contracte d\u2019associacion amb&nbsp;L\u2019Educacion Nacionala. L\u2019establiment practica la pedagogia Calandreta eissida en particular de la Pedagogia Freinet et la pedagogia Institucionala, per fin de menar los escolans cap a l\u2019autonomia, li balhar l\u2019enveja d\u2019aprene.<\/em><\/p>\n\n\n\n<p class=\"has-text-align-left\"><em>Lo site vos permet d\u2019obt\u00e9ner qualques dralhas a las questions que ten\u00e8tz a prepaus de l\u2019ensenhament en Calandreta abans que d\u2019i inscriure v\u00f2stres enfants. Aital esperam vos balhar l\u2019enveja de nos jonh\u00e9r per participar a aquela id\u00e8a de las grandas qu\u2019es la diversitat e transmetre a v\u00f2stres enfants aquesta granda cultura&nbsp;!<\/em><\/p>\n","protected":false},"excerpt":{"rendered":"<p>La benvenguda sur le site de l\u2019\u00e9cole Calandreta Cand\u00f2la, \u00e9cole associative situ\u00e9e dans le centre historique de Montpellier ! Anim\u00e9e &hellip; <\/p>\n","protected":false},"author":2,"featured_media":0,"parent":0,"menu_order":0,"comment_status":"closed","ping_status":"closed","template":"template-home.php","meta":{"footnotes":""},"class_list":["post-818","page","type-page","status-publish","hentry"],"_links":{"self":[{"href":"https:\/\/candola.establiment.fr\/index.php?rest_route=\/wp\/v2\/pages\/818"}],"collection":[{"href":"https:\/\/candola.establiment.fr\/index.php?rest_route=\/wp\/v2\/pages"}],"about":[{"href":"https:\/\/candola.establiment.fr\/index.php?rest_route=\/wp\/v2\/types\/page"}],"author":[{"embeddable":true,"href":"https:\/\/candola.establiment.fr\/index.php?rest_route=\/wp\/v2\/users\/2"}],"replies":[{"embeddable":true,"href":"https:\/\/candola.establiment.fr\/index.php?rest_route=%2Fwp%2Fv2%2Fcomments&post=818"}],"version-history":[{"count":1,"href":"https:\/\/candola.establiment.fr\/index.php?rest_route=\/wp\/v2\/pages\/818\/revisions"}],"predecessor-version":[{"id":908,"href":"https:\/\/candola.establiment.fr\/index.php?rest_route=\/wp\/v2\/pages\/818\/revisions\/908"}],"wp:attachment":[{"href":"https:\/\/candola.establiment.fr\/index.php?rest_route=%2Fwp%2Fv2%2Fmedia&parent=818"}],"curies":[{"name":"wp","href":"https:\/\/api.w.org\/{rel}","templated":true}]}}